{"id":370,"date":"2015-10-22T04:04:43","date_gmt":"2015-10-22T04:04:43","guid":{"rendered":"http:\/\/bikes.loc\/?page_id=370"},"modified":"2021-06-26T19:56:09","modified_gmt":"2021-06-26T19:56:09","slug":"a-propos-de-nous","status":"publish","type":"page","link":"https:\/\/dmb1017.com\/index.php\/a-propos-de-nous\/","title":{"rendered":"A propos de nous"},"content":{"rendered":"<p>[vc_row css=\u00a0\u00bb.vc_custom_1472016399122{margin-top: 30px !important;margin-bottom: 51px !important;}\u00a0\u00bb][vc_column width=\u00a0\u00bb1\/2&Prime; el_class=\u00a0\u00bbstm-col-pad-right\u00a0\u00bb][vc_single_image image=\u00a0\u00bb4428&Prime; img_size=\u00a0\u00bbfull\u00a0\u00bb alignment=\u00a0\u00bbcenter\u00a0\u00bb stm_fancybox=\u00a0\u00bbyes\u00a0\u00bb css=\u00a0\u00bb.vc_custom_1624737358041{margin-bottom: 35px !important;}\u00a0\u00bb][\/vc_column][vc_column width=\u00a0\u00bb1\/2&Prime; el_class=\u00a0\u00bbstm-col-pad-left\u00a0\u00bb][vc_column_text]<\/p>\n<h3 style=\"margin-bottom: 18px;\"><span style=\"color: #e71919;\">DMB<\/span> PEICES AUTO<\/h3>\n<h5 style=\"margin-bottom: 22px;\">Importation et distribution des pi\u00e8ces automobile cor\u00e9ennes<\/h5>\n<p style=\"margin-bottom: 26px;\">DMB est une soci\u00e9t\u00e9 alg\u00e9rienne sp\u00e9cialis\u00e9e dans l\u2019importation et distribution des pi\u00e8ces automobiles Cor\u00e9ennes. DMB cr\u00e9\u00e9e en 2017, est issue de la soci\u00e9t\u00e9 BESTBRAND leader dans le march\u00e9 de pi\u00e8ces automobiles en Alg\u00e9rie, avec plus de 30ans d\u2019exp\u00e9rience.<\/p>\n<p>[\/vc_column_text][\/vc_column][\/vc_row][vc_row css=\u00a0\u00bb.vc_custom_1445594570930{margin-bottom: 83px !important;}\u00a0\u00bb][vc_column width=\u00a0\u00bb1\/2&Prime; el_class=\u00a0\u00bbstm-col-pad-right\u00a0\u00bb][vc_column_text css=\u00a0\u00bb.vc_custom_1604350182096{margin-bottom: 23px !important;}\u00a0\u00bb]<\/p>\n<h3>Stock et r\u00e9seau<\/h3>\n<p>[\/vc_column_text][vc_separator css=\u00a0\u00bb.vc_custom_1445496980428{margin-bottom: 19px !important;}\u00a0\u00bb][vc_column_text]DMB propose un grand choix de pi\u00e8ces d\u00e9tach\u00e9es Cor\u00e9ennes, Tous les produits que nous proposons sont disponibles \u00e0 la livraison.<br \/>\nNotre exp\u00e9rience commerciale, logistique et technique nous a permis de devenir leader sur le march\u00e9 des pi\u00e8ces d\u00e9tach\u00e9es, nous livrons nos clients, grossistes et d\u00e9taillants, sur tout le territoire Alg\u00e9rien.<br \/>\nNos partenaires commerciaux sont les plus grands fournisseurs Cor\u00e9ens de pi\u00e8ces automobiles.[\/vc_column_text][\/vc_column][vc_column width=\u00a0\u00bb1\/2&Prime; el_class=\u00a0\u00bbstm-col-pad-left\u00a0\u00bb][vc_single_image image=\u00a0\u00bb4401&Prime; img_size=\u00a0\u00bbfull\u00a0\u00bb alignment=\u00a0\u00bbcenter\u00a0\u00bb][\/vc_column][\/vc_row][vc_row full_width=\u00a0\u00bbstretch_row_content\u00a0\u00bb][vc_column][vc_separator color=\u00a0\u00bbwhite\u00a0\u00bb][\/vc_column][\/vc_row]<\/p>\n","protected":false},"excerpt":{"rendered":"<p>[vc_row css=\u00a0\u00bb.vc_custom_1472016399122{margin-top: 30px !important;margin-bottom: 51px !important;}\u00a0\u00bb][vc_column width=\u00a0\u00bb1\/2&Prime; el_class=\u00a0\u00bbstm-col-pad-right\u00a0\u00bb][vc_single_image image=\u00a0\u00bb4428&Prime; img_size=\u00a0\u00bbfull\u00a0\u00bb alignment=\u00a0\u00bbcenter\u00a0\u00bb stm_fancybox=\u00a0\u00bbyes\u00a0\u00bb css=\u00a0\u00bb.vc_custom_1624737358041{margin-bottom: 35px !important;}\u00a0\u00bb][\/vc_column][vc_column width=\u00a0\u00bb1\/2&Prime; el_class=\u00a0\u00bbstm-col-pad-left\u00a0\u00bb][vc_column_text] DMB PEICES AUTO Importation et distribution des pi\u00e8ces automobile cor\u00e9ennes DMB est une soci\u00e9t\u00e9 alg\u00e9rienne sp\u00e9cialis\u00e9e dans l\u2019importation et distribution des pi\u00e8ces automobiles Cor\u00e9ennes. DMB cr\u00e9\u00e9e en 2017, est issue de la soci\u00e9t\u00e9 BESTBRAND leader dans le march\u00e9&#8230;<\/p>\n","protected":false},"author":1,"featured_media":0,"parent":0,"menu_order":0,"comment_status":"closed","ping_status":"closed","template":"","meta":[],"_links":{"self":[{"href":"https:\/\/dmb1017.com\/index.php\/wp-json\/wp\/v2\/pages\/370"}],"collection":[{"href":"https:\/\/dmb1017.com\/index.php\/wp-json\/wp\/v2\/pages"}],"about":[{"href":"https:\/\/dmb1017.com\/index.php\/wp-json\/wp\/v2\/types\/page"}],"author":[{"embeddable":true,"href":"https:\/\/dmb1017.com\/index.php\/wp-json\/wp\/v2\/users\/1"}],"replies":[{"embeddable":true,"href":"https:\/\/dmb1017.com\/index.php\/wp-json\/wp\/v2\/comments?post=370"}],"version-history":[{"count":9,"href":"https:\/\/dmb1017.com\/index.php\/wp-json\/wp\/v2\/pages\/370\/revisions"}],"predecessor-version":[{"id":4429,"href":"https:\/\/dmb1017.com\/index.php\/wp-json\/wp\/v2\/pages\/370\/revisions\/4429"}],"wp:attachment":[{"href":"https:\/\/dmb1017.com\/index.php\/wp-json\/wp\/v2\/media?parent=370"}],"curies":[{"name":"wp","href":"https:\/\/api.w.org\/{rel}","templated":true}]}}