{"id":5,"date":"2020-09-18T09:48:28","date_gmt":"2020-09-18T09:48:28","guid":{"rendered":"http:\/\/bikes.loc\/?page_id=5"},"modified":"2021-07-03T23:24:36","modified_gmt":"2021-07-03T23:24:36","slug":"front-page","status":"publish","type":"page","link":"https:\/\/dmb1017.com\/","title":{"rendered":"ACCEUIL"},"content":{"rendered":"<p>[vc_row full_width=\u00a0\u00bbstretch_row\u00a0\u00bb css=\u00a0\u00bb.vc_custom_1448545243300{margin-bottom: 0px !important;}\u00a0\u00bb el_class=\u00a0\u00bbstm-slider-nice-height\u00a0\u00bb][vc_column][rev_slider_vc alias=\u00a0\u00bbhome_slider\u00a0\u00bb][\/vc_column][\/vc_row][vc_row el_class=\u00a0\u00bbstm-fullwidth-with-parallax\u00a0\u00bb css=\u00a0\u00bb.vc_custom_1470917841792{padding-top: 91px !important;padding-bottom: 70px !important;background-image: url(http:\/\/dmb1017.com\/wp-content\/uploads\/2015\/12\/placeholder.gif?id=4085) !important;}\u00a0\u00bb][vc_column width=\u00a0\u00bb1\/2&Prime;][vc_single_image image=\u00a0\u00bb4426&Prime; img_size=\u00a0\u00bbfull\u00a0\u00bb alignment=\u00a0\u00bbcenter\u00a0\u00bb][\/vc_column][vc_column width=\u00a0\u00bb1\/2&Prime; css=\u00a0\u00bb.vc_custom_1471239363431{border-top-width: 9px !important;border-right-width: 9px !important;border-bottom-width: 9px !important;border-left-width: 9px !important;padding-top: 59px !important;padding-bottom: 46px !important;border-left-color: #ffffff !important;border-left-style: solid !important;border-right-color: #ffffff !important;border-right-style: solid !important;border-top-color: #ffffff !important;border-top-style: solid !important;border-bottom-color: #ffffff !important;border-bottom-style: solid !important;}\u00a0\u00bb][vc_row_inner css=\u00a0\u00bb.vc_custom_1470917862335{padding-right: 60px !important;padding-left: 60px !important;}\u00a0\u00bb][vc_column_inner][vc_custom_heading text=\u00a0\u00bbDMB PEICES AUTO\u00a0\u00bb font_container=\u00a0\u00bbtag:h2|font_size:32px|text_align:left|color:%23ffffff|line_height:32px\u00a0\u00bb use_theme_fonts=\u00a0\u00bbyes\u00a0\u00bb css=\u00a0\u00bb.vc_custom_1604310421446{margin-bottom: 21px !important;}\u00a0\u00bb][vc_column_text css=\u00a0\u00bb.vc_custom_1604310893033{margin-bottom: 29px !important;}\u00a0\u00bb]<strong>DMB<\/strong> est une soci\u00e9t\u00e9 alg\u00e9rienne sp\u00e9cialis\u00e9e dans l&rsquo;importation et distribution des pi\u00e8ces automobiles Cor\u00e9ennes. <strong>DMB<\/strong> cr\u00e9\u00e9e en 2017, est issue de la soci\u00e9t\u00e9 <strong>BESTBRAND<\/strong> leader dans le march\u00e9 de pi\u00e8ces automobiles en Alg\u00e9rie, avec plus de 30ans d&rsquo;exp\u00e9rience[\/vc_column_text][stm_icon_button link=\u00a0\u00bburl:http%3A%2F%2Fdmb1017.com%2Findex.php%2Fa-propos-de-nous%2F|title:Plus%20de%20d%C3%A9tails||\u00a0\u00bb][\/vc_column_inner][\/vc_row_inner][\/vc_column][\/vc_row][vc_row css=\u00a0\u00bb.vc_custom_1471239084548{padding-top: 37px !important;padding-bottom: 46px !important;}\u00a0\u00bb][vc_column][vc_custom_heading text=\u00a0\u00bbNos produits\u00a0\u00bb font_container=\u00a0\u00bbtag:h2|text_align:center\u00a0\u00bb][vc_images_carousel images=\u00a0\u00bb4450,4448,4447,4446,4444,4443,4442,4441,4440,4439,4438,4437,4436,4435,4434,4433,4432,4431&Prime; img_size=\u00a0\u00bblarge\u00a0\u00bb slides_per_view=\u00a0\u00bb3&Prime; autoplay=\u00a0\u00bbyes\u00a0\u00bb hide_pagination_control=\u00a0\u00bbyes\u00a0\u00bb hide_prev_next_buttons=\u00a0\u00bbyes\u00a0\u00bb wrap=\u00a0\u00bbyes\u00a0\u00bb][\/vc_column][\/vc_row][vc_row full_width=\u00a0\u00bbstretch_row\u00a0\u00bb css=\u00a0\u00bb.vc_custom_1470982903047{padding-top: 27px !important;padding-bottom: 12px !important;background-color: #243136 !important;}\u00a0\u00bb][vc_column][vc_custom_heading text=\u00a0\u00bbEvenements\u00a0\u00bb font_container=\u00a0\u00bbtag:h2|text_align:center\u00a0\u00bb][vc_column_text]<\/p>\n<h5 style=\"text-align: center;\">Participation aux 5 \u00e8me, <strong>6 \u00e8me et <\/strong><strong>7 \u00e8me <\/strong><strong>salon international de l\u2019\u00e9quipement de tous les v\u00e9hicules\u00a0<\/strong><\/h5>\n<p>[\/vc_column_text][vc_images_carousel images=\u00a0\u00bb4355,4354,4353&Prime; img_size=\u00a0\u00bbfull \u00a0\u00bb slides_per_view=\u00a0\u00bb3&Prime; hide_pagination_control=\u00a0\u00bbyes\u00a0\u00bb hide_prev_next_buttons=\u00a0\u00bbyes\u00a0\u00bb][vc_images_carousel images=\u00a0\u00bb4355,4354,4353&Prime; img_size=\u00a0\u00bbfull\u00a0\u00bb slides_per_view=\u00a0\u00bb3&Prime; hide_pagination_control=\u00a0\u00bbyes\u00a0\u00bb hide_prev_next_buttons=\u00a0\u00bbyes\u00a0\u00bb][\/vc_column][\/vc_row]<\/p>\n","protected":false},"excerpt":{"rendered":"<p>[vc_row full_width=\u00a0\u00bbstretch_row\u00a0\u00bb css=\u00a0\u00bb.vc_custom_1448545243300{margin-bottom: 0px !important;}\u00a0\u00bb el_class=\u00a0\u00bbstm-slider-nice-height\u00a0\u00bb][vc_column][rev_slider_vc alias=\u00a0\u00bbhome_slider\u00a0\u00bb][\/vc_column][\/vc_row][vc_row el_class=\u00a0\u00bbstm-fullwidth-with-parallax\u00a0\u00bb css=\u00a0\u00bb.vc_custom_1470917841792{padding-top: 91px !important;padding-bottom: 70px !important;background-image: url(http:\/\/dmb1017.com\/wp-content\/uploads\/2015\/12\/placeholder.gif?id=4085) !important;}\u00a0\u00bb][vc_column width=\u00a0\u00bb1\/2&Prime;][vc_single_image image=\u00a0\u00bb4426&Prime; img_size=\u00a0\u00bbfull\u00a0\u00bb alignment=\u00a0\u00bbcenter\u00a0\u00bb][\/vc_column][vc_column width=\u00a0\u00bb1\/2&Prime; css=\u00a0\u00bb.vc_custom_1471239363431{border-top-width: 9px !important;border-right-width: 9px !important;border-bottom-width: 9px !important;border-left-width: 9px !important;padding-top: 59px !important;padding-bottom: 46px !important;border-left-color: #ffffff !important;border-left-style: solid !important;border-right-color: #ffffff !important;border-right-style: solid !important;border-top-color: #ffffff !important;border-top-style: solid !important;border-bottom-color: #ffffff !important;border-bottom-style: solid !important;}\u00a0\u00bb][vc_row_inner css=\u00a0\u00bb.vc_custom_1470917862335{padding-right: 60px !important;padding-left: 60px !important;}\u00a0\u00bb][vc_column_inner][vc_custom_heading text=\u00a0\u00bbDMB&#8230;<\/p>\n","protected":false},"author":1,"featured_media":0,"parent":0,"menu_order":0,"comment_status":"closed","ping_status":"closed","template":"","meta":[],"_links":{"self":[{"href":"https:\/\/dmb1017.com\/index.php\/wp-json\/wp\/v2\/pages\/5"}],"collection":[{"href":"https:\/\/dmb1017.com\/index.php\/wp-json\/wp\/v2\/pages"}],"about":[{"href":"https:\/\/dmb1017.com\/index.php\/wp-json\/wp\/v2\/types\/page"}],"author":[{"embeddable":true,"href":"https:\/\/dmb1017.com\/index.php\/wp-json\/wp\/v2\/users\/1"}],"replies":[{"embeddable":true,"href":"https:\/\/dmb1017.com\/index.php\/wp-json\/wp\/v2\/comments?post=5"}],"version-history":[{"count":16,"href":"https:\/\/dmb1017.com\/index.php\/wp-json\/wp\/v2\/pages\/5\/revisions"}],"predecessor-version":[{"id":4451,"href":"https:\/\/dmb1017.com\/index.php\/wp-json\/wp\/v2\/pages\/5\/revisions\/4451"}],"wp:attachment":[{"href":"https:\/\/dmb1017.com\/index.php\/wp-json\/wp\/v2\/media?parent=5"}],"curies":[{"name":"wp","href":"https:\/\/api.w.org\/{rel}","templated":true}]}}